et f be 32/10 + 4/(-20). Suppose 2*p + 4*d = -78, f*p = -0*p + d - 89. Let s = p + 55. List the prime factors of s.
2, 3
Let k = 2347 - 1608. List the prime factors of k.
739
Suppose 3850 = 5*t - 3*t - 3*l, -5*l = 0. List the prime factors of t.
5, 7, 11
Let s be (-3)/4 - (-2233)/44. Suppose 2*b - s = -3*b. List the prime factors of b.
2, 5
List the prime factors of (-9)/(-15) - 80448/(-120).
11, 61
Let q be ((-4)/5)/((-1)/10). Suppose 3*b = 3*w, -2*w + 3*w = -3*b + q. Suppose -3*u - w*u + 105 = 0. List the prime factors of u.
3, 7
Let x(r) = 54*r - 13. Let y be x(-10). Let t = y + 802. List the prime factors of t.
3, 83
Let s be (4/(-2) - -1)*0. Let l(o) = 37*o + s*o**2 + 3 - 44*o + 2*o**2. List the prime factors of l(5).
2, 3
Suppose 2*g + 5*f + 0*f = 2867, -4*g = 2*f - 5710. List the prime factors of g.
2, 23, 31
Suppose 120 - 1266 = -2*v. Suppose 4*i = -3*g + 3*i + 346, 5*g - 2*i - v = 0. What are the prime factors of g?
5, 23
Suppose 8 = -l + 7*k - 4*k, -2*l - 2*k = -24. Let n be (-22)/(-4)*28/l. Suppose 5*b = n + 33. What are the prime factors of b?
11
Let s(m) = m**3 + 14*m**2 + m - 5. List the prime factors of s(-8).
7, 53
Suppose 0*w = 5*w - c - 2273, -4*c = -8. List the prime factors of w.
5, 7, 13
Let z = -2654 - -4336. What are the prime factors of z?
2, 29
Let a be (-20)/(1*4/(-8)). Suppose -2*z + 3*d = -18, 0*z + 2*d - a = -3*z. What are the prime factors of (-10)/(-3)*z/10?
2
Let h(v) = 2*v**2 - 2*v - 1. Let t(r) be the second derivative of r**5/20 - 5*r**4/6 + 4*r**3/3 + 7*r**2/2 - 5*r. Let l be t(9). List the prime factors of h(l).
11
Let p = 534 - 367. What are the prime factors of p?
167
Let w(g) = -g**3 - 14*g**2 - 14*g + 14. Let d(l) = -6 + 2 + 12*l + 3. Let i be d(-1). List the prime factors of w(i).
3
Let t be 52 - (9/3)/(-3). Suppose -2*o - o + t = 2*f, -f - 5*o + 37 = 0. What are the prime factors of f?
2, 11
Let l(i) = -9*i + 150. What are the prime factors of l(-23)?
3, 7, 17
Let q(c) = -c**2 - 44*c - 57. What are the prime factors of q(-23)?
2, 3, 71
Suppose 8*k + 122 + 334 = 0. Let m = 270 + k. List the prime factors of m.
3, 71
Let r(j) = -j**3 - j + 5. Let l be r(0). Let u(h) = -3*h + 11. Let a be u(l). Let q(p) = -9*p + 12. What are the prime factors of q(a)?
2, 3
Let z(g) = -2*g**2 + 1 + 3 + 1 - 2. Let d be z(3). What are the prime factors of (-10)/d*102/4?
17
Suppose -k + 5*k - 12 = -2*j, 4*j + 15 = 5*k. Suppose q + 2 = -2*p + 1, 0 = -5*p - k*q - 5. What are the prime factors of 2 - -34 - (p - 4)?
2, 19
Let t be 10/5*2 + -1. Suppose 42 + 51 = t*a. What are the prime factors of a?
31
Let h be 14 + -2 - (-3 + 3)/3. Suppose m + 22 = 3*i - 7, -3*i = m - 25. Let t = h - i. What are the prime factors of t?
3
What are the prime factors of (190/8 + -1)/(23/644)?
7, 13
Let a(k) = -9*k + 64. Let q be a(-19). Let f = 458 - q. What are the prime factors of f?
223
Let o be 1/(-2)*-14 + -3. Let x = 66 + o. What are the prime factors of x?
2, 5, 7
Let w(j) = -j**2 - 10*j - 3. Let f be w(-9). Suppose l = 2*s - 10, -f*s - 4*l - 1 = -s. Suppose -s*r = 19 - 79. List the prime factors of r.
2, 5
Let y(w) = w**2 - 2*w. Let q(c) = 7*c**2 - 1. Suppose 5*n + 4 = -1. Let m be q(n). What are the prime factors of y(m)?
2, 3
Let r = 54 - 50. Suppose r*c - 292 = -16. List the prime factors of c.
3, 23
Suppose -408 = -2*t + d + d, 4*d - 816 = -4*t. Suppose -p = p - t. What are the prime factors of p?
2, 3, 17
Let t(j) = j**3 - 4*j**2 - 7*j - 22. List the prime factors of t(7).
2, 19
Let d = -135 + 191. What are the prime factors of d?
2, 7
Suppose 0 = 3*i + 36 + 348. Let c = i + 245. List the prime factors of c.
3, 13
Let o(g) = g**3 - 6*g**2 - 7*g + 2. Let i be o(7). Suppose 2*j + i - 8 = 0. Suppose -5*q + 144 = 2*l, 3*l = -j*q - l + 92. List the prime factors of q.
2, 7
Let h(m) be the first derivative of m**4/4 - 4*m**3/3 + m**2 + 2*m - 4. Let t be h(4). What are the prime factors of t/(-25) + 122/5?
2, 3
Suppose 5 = m + 1. Suppose -4*d - d = -2*t - 126, 3*d - 66 = -2*t. Suppose 3*q + 3*x = 120, -m*q + 4*x + d + 112 = 0. List the prime factors of q.
37
Let w be 2/4 + (-1617)/(-14). Suppose -w = -d - d. What are the prime factors of d?
2, 29
Suppose 2 = 3*k + 83. Let z = k + 60. What are the prime factors of z?
3, 11
Let d(c) = 16*c**3 + c**2 - 4. Let r = 64 + -62. List the prime factors of d(r).
2
Suppose -5*g + 16 = p, 18*g = 13*g + p + 24. What are the prime factors of g?
2
Let w(n) = 5*n**2 - 44*n + 277. What are the prime factors of w(6)?
193
Let f be (6/18*-3)/(1/(-3)). Suppose -f*j - j + 756 = 0. What are the prime factors of j?
3, 7
Let y = 25 + -43. Let o be (-4)/(4/(2 - 6)). List the prime factors of (4/(-6))/(o/y).
3
Suppose -9*k + 486 = -8*k. What are the prime factors of k?
2, 3
Let m = 14 + -9. Let r(h) = -65 + 135 - 66 + h. List the prime factors of r(m).
3
Let r(f) = 6*f**3 - 5*f**2 + 10*f - 9. What are the prime factors of r(4)?
5, 67
Let u = 653 + -344. List the prime factors of u.
3, 103
Let y(j) be the second derivative of 7*j**3/3 - j. Let z be y(-3). What are the prime factors of (0 - 1)*z/3?
2, 7
Suppose s + 8 = -8. Let v = s + 11. List the prime factors of (4/5)/((-2)/v).
2
Let x(g) = 36*g**2 - 8*g + 4. List the prime factors of x(4).
2, 137
Let h = -9 + 11. Let i = 55 - -41. Suppose -i = -6*t + h*t. What are the prime factors of t?
2, 3
Let d = 1180 - 161. What are the prime factors of d?
1019
Suppose -4*q + 5*q = 5*v - 261, -285 = -5*v - 5*q. Let r be (-2 - 2)/((-2)/v). Suppose 0 = 4*z + r - 258. List the prime factors of z.
2, 19
Let b(u) = -u**3 - 10*u**2 - 9*u + 3. Let m be b(-9). Suppose -s - 2*f = 8, 2*f = -m*s - 0*f - 16. What are the prime factors of (60/s)/(1/(-2))?
2, 3, 5
Let n = 4 - -2. Suppose -n*b + 37 = -11. Suppose p - b = 14. What are the prime factors of p?
2, 11
Let n(j) = -604*j + 14. List the prime factors of n(-2).
2, 13, 47
Let m = 30 + -54. Let l be 7*(m/(-7))/4. Suppose l*b = b - 25, 2*r + b = 75. What are the prime factors of r?
2, 5
Let c(g) = -3*g - 4. Let o be (-30)/(-2 + (1 - 1)). Let w = 10 - o. List the prime factors of c(w).
11
Suppose -4*m - 4*m = -616. Let z = 66 - 43. Suppose f + j = z, -j + 6*j = 3*f - m. What are the prime factors of f?
2, 3
Let y(l) be the first derivative of -l**3/3 + l**2 + 89*l + 2. What are the prime factors of y(0)?
89
Let x = -44 + 82. Suppose x = -l - 4. Let z = -23 - l. What are the prime factors of z?
19
Let o(q) = -7*q**2 + 45*q + 20. Let u(p) = 3*p**2 - 22*p - 10. Let x(l) = 4*o(l) + 9*u(l). List the prime factors of x(-7).
67
Suppose 875 = 6*p - 2443. List the prime factors of p.
7, 79
Let t(w) = -w**3 - 14*w**2 + 75*w + 24. Let k be t(-18). Let p be (-4)/14 + 710/(-14). Let s = k - p. What are the prime factors of s?
3, 7
Suppose -2*h = 2*p - 2034, -3774 - 1318 = -5*p + 2*h. List the prime factors of p.
2, 509
Suppose -4*h = -9*h + 20. Let f = h + 11. Let t = f - 6. List the prime factors of t.
3
Let f = -2642 - -4125. List the prime factors of f.
1483
Suppose o - 6*o + 12 = 4*x, -4*x = 2*o. Let b be 2 + 7/((-14)/o). Suppose -13*n + 10*n + 6 = b. List the prime factors of n.
2
Let m = -5 - -2. Let v be 1/m*-1*9. Let c(i) = 2*i**2 + 2. List the prime factors of c(v).
2, 5
Suppose -4*y + 248 = -4*d - 1940, -5*y + 2695 = 5*d. List the prime factors of y.
3, 181
Let o be (-4)/(1 + 30/(-32)). Let h = -14 - o. List the prime factors of h.
2, 5
Suppose -4*q = 3*n - n - 924, q - 224 = 3*n. Suppose -3*j - x + q = 0, 3*x - 2*x + 302 = 4*j. List the prime factors of j.
2, 19
Let z = 244 + -103. Suppose z = 3*l - 117. List the prime factors of l.
2, 43
Suppose -2*g - 5*m - 37 = 132, -4*g - 293 = m. List the prime factors of 2*(g/64)/((-3)/236).
3, 59
Let q = -288 - -566. What are the prime factors of q?
2, 139
Let p(y) = y**2 - 43. List the prime factors of p(-23).
2, 3
Suppose -4 = d, -5*k + 9 + 43 = -3*d. What are the prime factors of (k/(-12))/(2/(-18))?
2, 3
Let i(r) = r**3 + 3*r**2 - 7*r. Let g be i(-4). Suppose 0 = 18*b - g*b - 522. List the prime factors of b.
3, 29
Let m(c) = c**2 - 148. What are the prime factors of m(27)?
7, 83
Let f = -1749 - -2685. List the prime factors of f.
2, 3, 13
Suppose -5*j + 335 = -5*c, 6*c - 248 = -4*j + 5*c. Let l = 41 + -38. Suppose 6*z - l = j. What are the prime factors of z?
11
Suppose m + 12958 = 32*m. List 